 the remainder when 293 is divided by 14.
13
Calculate the remainder when 636 is divided by 8.
4
What is the remainder when 310 is divided by 92?
34
Calculate the remainder when 350 is divided by 171.
8
What is the remainder when 272 is divided by 12?
8
Calculate the remainder when 1647 is divided by 22.
19
Calculate the remainder when 8753 is divided by 5.
3
What is the remainder when 4677 is divided by 20?
17
Calculate the remainder when 19 is divided by 1.
0
What is the remainder when 602 is divided by 290?
22
Calculate the remainder when 855 is divided by 13.
10
What is the remainder when 190 is divided by 22?
14
Calculate the remainder when 92 is divided by 33.
26
Calculate the remainder when 105 is divided by 27.
24
Calculate the remainder when 166 is divided by 61.
44
Calculate the remainder when 4318 is divided by 27.
25
What is the remainder when 127 is divided by 10?
7
What is the remainder when 164 is divided by 52?
8
Calculate the remainder when 804 is divided by 23.
22
What is the remainder when 1557 is divided by 386?
13
Calculate the remainder when 216 is divided by 76.
64
Calculate the remainder when 447 is divided by 318.
129
Calculate the remainder when 1308 is divided by 7.
6
Calculate the remainder when 8973 is divided by 66.
63
What is the remainder when 170 is divided by 29?
25
Calculate the remainder when 524 is divided by 80.
44
What is the remainder when 31 is divided by 22?
9
What is the remainder when 597 is divided by 43?
38
What is the remainder when 510 is divided by 132?
114
Calculate the remainder when 363 is divided by 361.
2
What is the remainder when 2817 is divided by 34?
29
What is the remainder when 14067 is divided by 201?
198
Calculate the remainder when 43 is divided by 25.
18
What is the remainder when 2678 is divided by 667?
10
What is the remainder when 8868 is divided by 4429?
10
Calculate the remainder when 563 is divided by 287.
276
Calculate the remainder when 81 is divided by 9.
0
What is the remainder when 238 is divided by 29?
6
What is the remainder when 5911 is divided by 91?
87
What is the remainder when 406 is divided by 390?
16
What is the remainder when 72 is divided by 21?
9
What is the remainder when 42 is divided by 16?
10
What is the remainder when 12 is divided by 3?
0
Calculate the remainder when 123 is divided by 33.
24
Calculate the remainder when 2206 is divided by 34.
30
Calculate the remainder when 3568 is divided by 19.
15
What is the remainder when 1402 is divided by 676?
50
Calculate the remainder when 36 is divided by 17.
2
Calculate the remainder when 209 is divided by 42.
41
Calculate the remainder when 20 is divided by 5.
0
What is the remainder when 24897 is divided by 20?
17
What is the remainder when 113 is divided by 63?
50
Calculate the remainder when 105 is divided by 47.
11
What is the remainder when 1020 is divided by 33?
30
Calculate the remainder when 312 is divided by 84.
60
What is the remainder when 729 is divided by 61?
58
Calculate the remainder when 25 is divided by 20.
5
Calculate the remainder when 1010 is divided by 29.
24
Calculate the remainder when 477 is divided by 30.
27
Calculate the remainder when 1401 is divided by 20.
1
Calculate the remainder when 868 is divided by 97.
92
What is the remainder when 480 is divided by 238?
4
What is the remainder when 4772 is divided by 31?
29
Calculate the remainder when 6057 is divided by 233.
232
What is the remainder when 1019 is divided by 17?
16
What is the remainder when 75 is divided by 7?
5
What is the remainder when 352 is divided by 51?
46
Calculate the remainder when 264 is divided by 143.
121
What is the remainder when 525 is divided by 44?
41
Calculate the remainder when 501 is divided by 22.
17
What is the remainder when 16 is divided by 2?
0
Calculate the remainder when 361 is divided by 17.
4
Calculate the remainder when 316 is divided by 33.
19
What is the remainder when 87 is divided by 4?
3
Calculate the remainder when 338 is divided by 64.
18
Calculate the remainder when 290 is divided by 6.
2
What is the remainder when 8411 is divided by 255?
251
What is the remainder when 2315 is divided by 239?
164
What is the remainder when 215 is divided by 7?
5
Calculate the remainder when 637 is divided by 71.
69
Calculate the remainder when 207 is divided by 180.
27
What is the remainder when 661 is divided by 111?
106
What is the remainder when 12953 is divided by 19?
14
What is the remainder when 2849 is divided by 121?
66
Calculate the remainder when 2275 is divided by 5.
0
Calculate the remainder when 71 is divided by 48.
23
Calculate the remainder when 973 is divided by 32.
13
Calculate the remainder when 706 is divided by 12.
10
What is the remainder when 2733 is divided by 3?
0
Calculate the remainder when 209 is divided by 43.
37
Calculate the remainder when 162 is divided by 82.
80
What is the remainder when 138 is divided by 42?
12
What is the remainder when 216 is divided by 4?
0
What is the remainder when 25981 is divided by 28?
25
What is the remainder when 3907 is divided by 46?
43
Calculate the remainder when 435 is divided by 208.
19
What is the remainder when 117 is divided by 26?
13
Calculate the remainder when 1391 is divided by 663.
65
Calculate the remainder when 419 is divided by 70.
69
Calculate the remainder when 12868 is divided by 90.
88
What is the remainder when 224 is divided by 19?
15
Calculate the remainder when 542 is divided by 178.
8
What is the remainder when 101 is divided by 42?
17
What is the remainder when 112 is divided by 47?
18
What is the remainder when 463 is divided by 162?
139
What is the remainder when 26258 is divided by 18?
14
Calculate the remainder when 482 is divided by 50.
32
What is the remainder when 55 is divided by 37?
18
What is the remainder when 1066 is divided by 260?
26
Calculate the remainder when 422 is divided by 17.
14
What is the remainder when 10425 is divided by 33?
30
Calculate the remainder when 1630 is divided by 16.
14
What is the remainder when 167 is divided by 94?
73
What is the remainder when 180 is divided by 171?
9
Calculate the remainder when 140 is divided by 36.
32
What is the remainder when 40 is divided by 7?
5
Calculate the remainder when 3756 is divided by 7.
4
Calculate the remainder when 181 is divided by 95.
86
What is the remainder when 1269 is divided by 8?
5
Calculate the remainder when 1361 is divided by 143.
74
What is the remainder when 942 is divided by 27?
24
Calculate the remainder when 1676 is divided by 15.
11
What is the remainder when 2231 is divided by 280?
271
What is the remainder when 1126 is divided by 219?
31
Calculate the remainder when 83 is divided by 14.
13
Calculate the remainder when 216 is divided by 42.
6
Calculate the remainder when 851 is divided by 45.
41
Calculate the remainder when 198 is divided by 20.
18
Calculate the remainder when 117 is divided by 4.
1
Calculate the remainder when 70 is divided by 22.
4
What is the remainder when 190 is divided by 93?
4
Calculate the remainder when 16051 is divided by 43.
12
Calculate the remainder when 1879 is divided by 33.
31
Calculate the remainder when 929 is divided by 156.
149
Calculate the remainder when 9728 is divided by 72.
8
What is the remainder when 2335 is divided by 235?
220
Calculate the remainder when 992 is divided by 299.
95
Calculate the remainder when 485 is divided by 53.
8
Calculate the remainder when 55 is divided by 15.
10
What is the remainder when 446 is divided by 56?
54
What is the remainder when 66 is divided by 44?
22
Calculate the remainder when 510 is divided by 14.
6
Calculate the remainder when 112 is divided by 15.
7
Calculate the remainder when 452 is divided by 1.
0
Calculate the remainder when 78 is divided by 21.
15
Calculate the remainder when 33 is divided by 12.
9
What is the remainder when 75 is divided by 5?
0
Calculate the remainder when 463 is divided by 54.
31
What is the remainder when 1797 is divided by 19?
11
What is the remainder when 62 is divided by 17?
11
What is the remainder when 143 is divided by 37?
32
What is the remainder when 364 is divided by 61?
59
What is the remainder when 42 is divided by 16?
10
Calculate the remainder when 215 is divided by 22.
17
What is the remainder